c - 16. Give w(8).
0
Let m(y) = y**2 - 25*y - 6. Calculate m(25).
-6
Let d(m) = -m + 2. Give d(6).
-4
Let m(v) = 31*v + 4. What is m(-3)?
-89
Let j(y) = -2*y**3 - 9*y**2 + 6*y + 2. Give j(-5).
-3
Let l(x) = -5*x**2 - 95*x - 26. What is l(-19)?
-26
Let u(f) = f - 9. Calculate u(3).
-6
Let a(b) = -b**3 + 12*b**2 - 11*b - 5. What is a(11)?
-5
Let o(z) = 4*z + 4. Give o(-8).
-28
Let j(s) = -s**2 + 15*s - 3. Calculate j(10).
47
Let k(s) = 2*s**3 - 23*s**2 + 11*s - 6. Calculate k(11).
-6
Let c(a) = -18*a + 1. What is c(1)?
-17
Let c(z) = z**2 + 6*z + 9. Give c(-2).
1
Let u(q) = q**2 + 10*q. What is u(-9)?
-9
Let n(j) = j**3 + 2*j**2 + 5*j - 2. Calculate n(0).
-2
Let t(o) = -o**3 - 14*o**2 + 15*o + 6. Calculate t(-15).
6
Let i(c) = -110*c + 12. Give i(1).
-98
Let k(y) = -y**2 + 8*y + 88. Determine k(20).
-152
Let v(u) = -6*u + 1. What is v(-1)?
7
Let r(m) = 24*m + 134. Calculate r(-4).
38
Let z(x) = -7*x + 67. Calculate z(7).
18
Let g(i) = -4*i**3 + i**2 - 2*i - 7. Calculate g(-3).
116
Let u(t) = t**3 + t - 57. Calculate u(0).
-57
Let v(p) = -15*p + 92. Calculate v(6).
2
Let l(r) = -3*r**2 + 18*r - 3. Determine l(6).
-3
Let x(f) = f**3 + 36*f**2 + 69*f + 26. What is x(-34)?
-8
Let m(p) = p**3 + 13*p**2 + p - 2. Determine m(-13).
-15
Let n(h) = -3*h**2 - 3*h + 29. Calculate n(3).
-7
Let g(v) = v**3 - 16*v**2 - 20*v + 13. Give g(17).
-38
Let a(n) = -n**3 + 7*n**2 + n + 24. Determine a(8).
-32
Let i(h) = h**3 - 5*h**2 + h + 2. Give i(5).
7
Let l(k) = k**2 - 4*k - 12. Give l(5).
-7
Let b(l) = l**3 + 15*l**2 + 10*l - 12. Calculate b(-14).
44
Let m(g) = 7*g. What is m(-1)?
-7
Let y(g) = g**2 + 4*g + 1. Calculate y(-4).
1
Let y(z) = z**3 - 4*z**2 - z - 15. Calculate y(5).
5
Let l(f) = -f**2 + 30*f + 402. Calculate l(40).
2
Let f(b) = -3*b**2 - 3*b + 3. Calculate f(-3).
-15
Let l(w) = w**3 + 10*w**2 - 10*w - 1. Determine l(-11).
-12
Let g(r) = r**2 + 9*r + 8. Determine g(-6).
-10
Let x(o) = -18*o - 5. Determine x(0).
-5
Let c(s) = 84*s + 408. Give c(-5).
-12
Let i(u) = u**2 - 9*u + 1. What is i(9)?
1
Let z(y) = y + 66. Give z(-39).
27
Let b(l) = -2*l**2 - 19*l - 56. Calculate b(-5).
-11
Let z(g) = g**3 - 23*g**2 + g - 41. Give z(23).
-18
Let p(t) = -t**2 + 36*t - 69. Determine p(2).
-1
Let m(d) = -59*d**3 + 2*d**2 - 1. Calculate m(1).
-58
Let q(h) = -h**2 - 5*h - 9. Give q(-4).
-5
Let k(l) = l**3 - 3*l**2 + l - 4. Calculate k(3).
-1
Let w(b) = -4*b - 16. What is w(-5)?
4
Let d(l) = -l**2 - 7*l - 6. What is d(-6)?
0
Let x(i) = -i**2 - 4*i - 6. What is x(-4)?
-6
Let x(t) = -3*t + 35. Give x(8).
11
Let s(u) = -u - 8. Determine s(-7).
-1
Let y(t) = -2*t**3 - 2*t**2 + t - 1. What is y(1)?
-4
Let y(r) = -r - 22. What is y(6)?
-28
Let f(h) = 2*h - 19. Calculate f(8).
-3
Let i(v) = v**2 - 4*v - 14. Give i(6).
-2
Let n(g) = -2*g - 53. Give n(-13).
-27
Let o(w) = -w + 18. What is o(20)?
-2
Let s(j) = -j**2 + 2*j - 9. What is s(5)?
-24
Let u(q) = -9*q + 2. Give u(0).
2
Let i(y) = y**3 + 5*y**2 + 3*y + 7. Determine i(-4).
11
Let r(n) = n**3 - 5*n**2 + 3*n + 10. Determine r(5).
25
Let y(z) = -5*z + 19. Give y(6).
-11
Let i(u) = -u**2 - 2*u - 2. What is i(-2)?
-2
Let d(u) = -u**3 + 3*u**2 - 2*u - 7. Give d(0).
-7
Let o(z) = -z**3 - 4*z**2 + z - 4. Calculate o(-4).
-8
Let i(q) = q**2 - 30*q + 51. Determine i(28).
-5
Let m(f) = f**3 - 6*f**2 + 5*f - 2. What is m(5)?
-2
Let s(v) = -7*v + 5. What is s(-6)?
47
Let f(k) = 10*k - 2. Determine f(-2).
-22
Let h(i) = 4*i - 4. Give h(5).
16
Let b(n) = -25*n**3 - n**2. Determine b(-1).
24
Let l(k) = -k**3 - 10*k**2 + 6. Calculate l(-10).
6
Let n(g) = g**3 - 4*g**2 + 4*g + 2. Calculate n(4).
18
Let h(g) = -5*g + 29. Calculate h(-10).
79
Let j(q) = -51*q + 405. Calculate j(8).
-3
Let a(s) = 6*s + 5. Calculate a(0).
5
Let o(x) = x**2 + 4*x + 10. What is o(-5)?
15
Let u(y) = -y**3 + 30*y**2 - 105*y + 15. What is u(26)?
-11
Let m(s) = s**3 + 8*s**2 - 17*s + 26. Determine m(-10).
-4
Let p(w) = 10*w - 25. Determine p(4).
15
Let n(z) = z**2 - 3*z + 17. What is n(5)?
27
Let q(k) = k**3 - 5*k**2 + 3*k + 4. Calculate q(3).
-5
Let t(o) = 4*o**2 + o - 2. What is t(1)?
3
Let h(p) = p**3 + 6*p**2 - 3*p - 22. What is h(-4)?
22
Let z(y) = -2*y**3 + 33*y**2 - 15*y + 14. What is z(16)?
30
Let w(j) = -j**2 + 7*j - 16. What is w(12)?
-76
Let g(z) = 19*z**2 + z. Determine g(-1).
18
Let b(w) = -w**2 + 5*w + 2. Calculate b(3).
8
Let j(o) = -o**3 + 19*o**2 - 13*o + 25. Calculate j(18).
115
Let k(i) = 6*i - 24. Calculate k(16).
72
Let d(y) = -y**3 - 5*y**2 - 5*y - 1. Determine d(-4).
3
Let f(g) = g - 3. Determine f(7).
4
Let l(p) = -3*p**2 + 12*p + 49. Give l(6).
13
Let s(d) = 3*d - 24. Give s(7).
-3
Let q(p) = p**2 - 5*p - 21. Give q(7).
-7
Let g(t) = -15*t + 94. Calculate g(8).
-26
Let i(y) = -2*y + 1. Determine i(-10).
21
Let s(t) = -t**2 + 6*t - 5. Give s(6).
-5
Let f(r) = -r**2 - r. Calculate f(1).
-2
Let p(s) = s**3 + s. Determine p(1).
2
Let j(k) = -4*k**2 - 98*k - 132. Give j(-23).
6
Let v(l) = 3*l**2 + 31*l - 24. Calculate v(-11).
-2
Let i(t) = 8*t + 6. What is i(5)?
46
Let g(p) = 12*p + 80. Calculate g(-7).
-4
Let q(d) = 69*d**2 + d. Give q(1).
70
Let a(b) = -b - 4. Determine a(5).
-9
Let b(a) = -3*a + 16. Calculate b(12).
-20
Let a(k) = -4*k**2 - 6*k - 7. Determine a(-3).
-25
Let p(a) = 4*a - 15. Calculate p(-12).
-63
Let y(r) = -r**2 + r - 9. Calculate y(0).
-9
Let u(z) = -z**3 + 12*z**2 - 4*z - 53. Give u(11).
24
Let x(j) = 37*j**2 + 1. Give x(-1).
38
Let v(c) = c**3 + 12*c**2 + 10*c - 16. Determine v(-11).
-5
Let y(f) = f**3 + 10*f**2 + 13*f + 5. What is y(-9)?
-31
Let w(i) = -i**3 - 6*i**2 + 23*i + 7. Give w(-9).
43
Let c(q) = 3*q**2 - 7*q + 2. Determine c(3).
8
Let k(c) = -9*c + 26. Give k(6).
-28
Let t(f) = 2*f**3 + 7*f**2 + 12*f + 32. Give t(-5).
-103
Let g(l) = -l**3 + 6*l**2 + l + 10. Determine g(7).
-32
Let m(h) = 19*h + 51. Calculate m(-9).
-120
Let a(g) = g**3 + 11*g**2 - 27*g - 8. Give a(-13).
5
Let m(h) = 4*h - 20. Give m(7).
8
Let k(h) = 14*h. What is k(3)?
42
Let n(j) = j**2 + 3*j + 9. Calculate n(-6).
27
Let c(d) = 12*d + 6. Give c(-4).
-42
Let h(n) = n**3 + n**2 + n + 2. Calculate h(0).
2
Let k(x) = -x**2 - 18*x - 12. Give k(-13).
53
Let q(c) = -c**2 + 22*c - 55. Determine q(19).
2
Let h(r) = r**3 - 5*r**2 - 3*r - 5. Calculate h(6).
13
Let q(c) = -c + 3. Calculate q(-4).
7
Let i(c) = -6*c - 5. Determine i(-8).
43
Let w(t) = 2*t**2 - 2. Give w(-2).
6
Let p(x) = x**3 - 15*x**2 + 12*x + 5. Determine p(14).
-23
Let k(s) = 2*s**3 + s**2 - 5*s - 4. Calculate k(-3).
-34
Let m(c) = -2*c**3 + 37*c**2 - 20*c + 42. What is m(18)?
6
Let h(x) = 3*x**2 + 3*x + 2. Determine h(-4).
38
Let h(s) = s. Determine h(3).
3
Let q(u) = -u**3 + 14*u**2 + 15*u + 4. Calculate q(15).
4
Let b(s) = -s**3 + s**2 - 3*s - 3. What is b(4)?
-63
Let x(j) = 6*j + 64. Give x(-12).
-8
Let f(a) = -a - 11. Calculate f(-5).
-6
Let h(c) = -c**3 + 2*c**2 + 43. Give h(0).
43
Let m(j) = j**3 + 5*j**2 - 4*j - 24. Determine m(-5).
-4
Let d(b) = b**2 + 8*b + 9. Give d(-2).
-3
Let n(h) = -2*h**3 - 27*h**2 + 13*h - 5. Determine n(-14).
9
Let b(p) = 2*p**2 + 38*p - 56. Give b(-20).
-16
Let c(z) = z + 2. What is c(11)?
13
Let v(z) = -z**3 - z**2 - z + 2. Determine v(0).
2
Let g(w) = -4*w**2 - 13*w - 6. What is g(-3)?
-3
Let h(j) = j**3 + 10*j**2 - 26*j - 18. Calculate h(-12).
6
Let o(f) = f**3 - 7*f**2 + 73*f - 308. Give o(5).
7
Let w(a) = 4*a - 35. Determine w(10).
5
Let r(c) = 18*c + 12. Give r(0).
12
Let r(n) = -4*n - 12. What is r(7)?
-40
Let k(c) = 5*c - 8. What is k(9)?
37
Let n(t) = t**3 - 10*t**2 + 7*t + 22. What is n(9)?
4
Let h(z) = 3*z. What is h(-5)?
-15
Let z(y) = 3*y**3 + 45*y**2 - y - 17. What is z(-15)?
-2
Let u(h) = h**2 - 14*h - 23. What is u(14)?
-23
Let x(t) = 14*t**3 - 2*t + 1. Determine x(1).
13
Let j(t) = -t**2 + t - 1. Calculate j(2).
-3
Let r(w) = -2*w**2 + 7*w - 1. Determine r(4).
-5
Let t(o) = -3*o**2 + 4*o + 4. Give t(3).
-11
Let j(m) = -2*m + 113. What is j(0)?
113
Let s(b) = -b**2 - 14*b - 4. Give s(-6).
44
Let p(n) = -4*n + 19. Calculate p(8).
-13
Let f(c) = -c - 4. Determine f(0).
-4
Let x(o) = -o**3 + 8*o**2 + o - 5. Determine x(8).
3
Let y(k) = k**3 - 11*k**2 - 13*k + 1. Determine y(12).
-11
Let h(c) = c**3 + 11*c**2 + 10*c - 4. What is h(-10)?
-4
Let f(t) = -5*t - 13. Calculate f(-3).
2
Let j(a) = -a + 13. Calculate j(12).
1
Let g(w) = w**3 - 2